- 220. Suppose 5*q = -4*k + 1560, x = -k - q + 472. List the prime factors of k.
5, 7, 11
Let g(x) = 36*x + 156. Let n be g(-4). What are the prime factors of -1302*(((-8)/n - -3) + -3)?
2, 7, 31
Suppose 0 = -2*s + 6*f - f + 5887, 3*f = 4*s - 11739. Let t = s - 2050. What are the prime factors of t?
881
Let n(g) = 3*g**2 + 56*g - 214. What are the prime factors of n(12)?
2, 5, 89
Let a(j) be the third derivative of -2*j**4/3 - 13*j**3/6 - j**2. Let u be a(6). Let m = u + 187. List the prime factors of m.
2, 3, 13
Suppose -381*j - 16 = -379*j, -4*j - 189239 = -3*i. List the prime factors of i.
3, 21023
Let x be ((-18)/15)/((-2)/200). Suppose 33*u + x = 37*u. Suppose 0 = s + 5*w - 51, 3*w + 21 + u = s. What are the prime factors of s?
3, 17
Suppose -147 - 2 = -z. Let s = -150 + z. What are the prime factors of 213/3 + s - -4?
2, 37
Let n be (2/(18/9))/(1/4). Suppose 5*k + b - 2750 = -4*b, 0 = n*k - b - 2180. What are the prime factors of k?
2, 3, 7, 13
Let a(s) = -s**2 + 11*s - 24. Suppose 13 + 8 = 7*r. Let x be a(r). What are the prime factors of (3 - 3 - 120)/(-1 - x)?
2, 3, 5
Let w(h) = 3*h**2 - 107*h + 97. Let p be w(40). Suppose p = k - 2*x, k + 54*x = 50*x + 611. List the prime factors of k.
3, 5, 41
Suppose -4*o - 7144 - 11838 = -r, 94979 = 5*r + 3*o. What are the prime factors of r?
2, 9497
Let y(s) = -999*s - 543. What are the prime factors of y(-5)?
2, 3, 7, 53
List the prime factors of (-14 - -75)/(14/1008).
2, 3, 61
Suppose 19 + 125 = 9*d. List the prime factors of -8 + -9 + 93*d.
1471
Let s = -20218 - -23342. What are the prime factors of s?
2, 11, 71
Let s(c) = -416*c - 176. List the prime factors of s(-4).
2, 3, 31
Suppose 12*w - 8*w - 12 = 0. Suppose -w*g = -370 - 704. What are the prime factors of g?
2, 179
Let l be 1/18*4 - (-122)/18. Let q be (2 - (l - 3)) + -2. What are the prime factors of 234/q*(-112)/84?
2, 3, 13
Let k be 1 + -1 + 9 + 1. Let v be (-316)/7 - k/(-70). Let r = 115 + v. What are the prime factors of r?
2, 5, 7
Let y(x) = 268*x + 177. What are the prime factors of y(9)?
3, 863
Suppose 5*n + 2*h - 182 = 0, -4*n - h + 139 = -6*h. Let i = -40 + n. List the prime factors of 75/20*i/(-6)*40.
2, 5
Let a(c) = c**3 + 10*c**2 - 6*c - 37. Let q be a(-10). Let u(l) = 9*l + 0*l - 3 + 10 + 3. List the prime factors of u(q).
7, 31
Suppose 38 = -3*l + 29. Let a be (-1)/l*-3 - (-7 + 1). Suppose -a*g = -276 + 51. What are the prime factors of g?
3, 5
Let u(x) = 2026*x - 2831. List the prime factors of u(13).
11, 2137
Let w(t) = -6 - 49*t + t - 21*t. Let h be w(-5). Suppose 13*l - 10*l = h. What are the prime factors of l?
113
Let u = -257 - -253. Let v = 4 + -6. List the prime factors of 149*((-10)/v + u).
149
Let m be (-4)/(-4 - (-18)/3) + 5. List the prime factors of (-87)/(m - (-1365)/(-448)).
2, 29
Let j = 97 + -99. Let r(a) = 3*a**3 - 7*a**2 - 7*a - 1. Let f(u) = -4*u**3 + 6*u**2 + 6*u. Let k(y) = j*f(y) - 3*r(y). What are the prime factors of k(5)?
2, 37
List the prime factors of (-2)/(4*(-4)/47776).
2, 1493
Let q be (-16)/24*(5 - -4). List the prime factors of ((-1653)/q)/(5/10).
19, 29
Suppose -4*m + 4772 = -10*j + 7*j, -3*m + 3574 = -j. List the prime factors of m.
2, 5, 7, 17
Let q(l) = l + 6. Let s be q(-10). Let u be 15 + 0 + s/4. Let a = u - 10. What are the prime factors of a?
2
Let v(f) = f**3 - 13*f**2 + 53*f + 71. List the prime factors of v(19).
2, 811
Let i(k) = 47*k**2 - 2*k + 10. Suppose 15 = -4*a + 3*h, 2*a + 26*h - 22*h = -2. List the prime factors of i(a).
439
Let s(t) = 24486*t**3 + 9*t**2 + 3*t + 1. List the prime factors of s(1).
24499
Let m = 150 + -148. Suppose 2*i = 22*w - 20*w + 3112, 0 = -m*i + 3*w + 3116. List the prime factors of i.
2, 97
What are the prime factors of 1 + (38995*(-1)/(-25) - (-2)/10)?
7, 223
List the prime factors of -128564*(-5)/(-7 - -17).
2, 32141
Let s = 4478 + 4002. List the prime factors of s.
2, 5, 53
Suppose -5*o - 17*o + 88 = 0. Suppose -9*x + 5501 = -4*x + o*l, -3*l - 2205 = -2*x. List the prime factors of x.
3, 367
Let r be 4/(((-72)/9)/(-4)). Suppose 6*i = -3*m + 3*i + 2979, -5*m = r*i - 4968. List the prime factors of m.
2, 7, 71
Let y(b) = 9*b - 48. Let f(v) = 19*v - 98. Let q(i) = 4*f(i) - 9*y(i). Let s be q(8). Suppose s = -2*k + 48 + 62. What are the prime factors of k?
5, 11
Let m be 2 + -1 + -5 + 4. Suppose 8*j - 1876 - 508 = m. List the prime factors of j.
2, 149
Let m(b) = 2*b**3 + 13*b**2 + 6*b - 10. Let k be m(-6). Let u be 30/8 - k/8. Suppose 3*d + 398 = u*d. What are the prime factors of d?
199
Suppose -3*v - 16992 - 6204 = -3*r, 3*r - 23192 = v. List the prime factors of r.
2, 5, 773
Let j(q) = -11*q**2 - q - 13. Let l(v) = 10*v**2 - v + 13. Let s(h) = 3*j(h) + 4*l(h). List the prime factors of s(6).
223
Let u = -302 - -309. List the prime factors of (4/(-18))/(u/(-63)) + 271.
3, 7, 13
Suppose -55*k - 163831 + 325069 = -293832. What are the prime factors of k?
2, 3, 7, 197
Let t(y) = 44*y**2 + 10*y - 15. Let i = -41 - -43. What are the prime factors of t(i)?
181
Let c be 7*(-4)/(-8) + 6/4. Suppose 346 = 3*b + c*q, 2*b - 413 = -2*b + 3*q. Let i = b - 30. What are the prime factors of i?
7, 11
Let a = -9 + 2. Let p(h) = 39 - 4*h**2 - h**3 + 0*h**2 - h**2 - 40 - 11*h + 12*h. What are the prime factors of p(a)?
2, 3, 5
Let v = 168 - -27. Let k = v - 33. What are the prime factors of k?
2, 3
Suppose 8*f = 4*f - 2*f. Suppose -19*c + 12*c + 112 = f. Suppose 17*d - c*d - 99 = 0. List the prime factors of d.
3, 11
What are the prime factors of 2/(84124/84116 + -1)?
17, 1237
Let z(n) = -6*n**2 - 1 - 1 + 8*n**2. Let h be z(2). Suppose t = h*t - 295. List the prime factors of t.
59
Let s be (-33)/(-6)*30/15. Let x(m) = 49*m + 164. List the prime factors of x(s).
19, 37
Suppose 0*p + p - 43 = 0. Let n = p + 23. What are the prime factors of (4 + 28/(-8))*n?
3, 11
Suppose -42 = -43*k + 29*k. Suppose -k*s + 2*s - p = -253, -2*p = 0. What are the prime factors of s?
11, 23
Suppose -i = -g - 295, g = 4*i - 564 - 628. Let u = -201 + i. Suppose -3*d + 376 = -2*j, -u = -2*d - 5*j + 178. What are the prime factors of d?
2
List the prime factors of 9 + (-4461606)/(-135) + ((-16)/(-15) - 1).
2, 16529
Let z = 5 + 6. What are the prime factors of 41/((22/8)/z)?
2, 41
Suppose -464756 = -23*x + 227082 - 243108. What are the prime factors of x?
2, 5, 1951
Suppose 5*p - 5 = -4*t - 0*p, -3*t = 2*p - 2. Suppose 5*q = -3*z + 2625, 5*z + 2*q - q - 4397 = t. List the prime factors of z.
2, 5, 11
Let p = 127 - -344. List the prime factors of p.
3, 157
Let b(d) = d + 28. Let p be ((1 - (-10 + 1)) + 5)/1. List the prime factors of b(p).
43
Suppose -20*a + q = -23*a + 80319, 3*a - 80319 = 5*q. What are the prime factors of a?
41, 653
Suppose -2*k + 952 = -f, 6*f - 11*f + 976 = 2*k. Suppose 0 = 3*r + r + 952. Let c = r + k. What are the prime factors of c?
2, 3, 5
Let d = -306 - -308. Suppose -17*h - 5*y = -20*h + 213, 0 = -h - d*y + 60. What are the prime factors of h?
2, 3, 11
Suppose 0 = -4*r + 2174 + 126. Suppose 4*i = r + 1045. List the prime factors of i.
3, 5
Suppose 72*c = 79*c - 3430. Let p = c - 94. What are the prime factors of p?
2, 3, 11
Suppose -4*m - 9 = -m, -w - 2*m - 5 = 0. What are the prime factors of -4 + w - ((-8268)/6 + 1)?
2, 3, 229
Suppose -6*d = -54374 - 202750. List the prime factors of d.
2, 7, 3061
Let u(f) = -12*f - 67. Let b be u(-6). Let n be (1 + -2 + (-81)/15)*-65. Suppose 0 = 4*m + 4*c - n, -4*m - b*c + 0*c = -421. List the prime factors of m.
3, 11
Suppose -18 = -3*w - 3. Suppose -w*t + 330 = -0*t. What are the prime factors of t?
2, 3, 11
Let l = 56 - 69. Let x be -3 + -1 - (-76 - (l - -6)). Suppose -569 = -4*o - x. What are the prime factors of o?
2, 3, 7
Let g(c) = c**2 + 3*c - 54. Let b be g(6). Suppose 700*k - 703*k + 4338 = b. What are the prime factors of k?
2, 3, 241
Suppose 5*f = 5*b + 4675, 3*b - 6 + 0 = 0. Let v(o) = 4*o**2 - 2*o + 9. Let t be v(4). Suppose -4*j + f = t. What are the prime factors of j?
2, 109
Let w = 3191 + -1452. Suppose 4*t + 411 = w. What are the prime factors of t?
2, 83
Suppose -3*x + 3060 = 9*x. Let p = 21 + -14. Suppose -p*b - x = -12*b. List the prime factors of b.
3, 17
Suppose -37*c - 33*c - 54*c = -360220. What are the prime factors of c?
5, 7, 83
Let t = 467 - 318. Suppose 4*j - 868 = 4*d, -366 = d + 3*j - t. L